 Let i be u(4). Suppose -11*y - 2*m + 356 = -6*y, 4*y - 280 = -4*m. Calculate the greatest common factor of i and y.
24
Let p be 0 - (-2)/17 - 27*141/(-153). Calculate the greatest common divisor of 3875 and p.
25
Let i(j) be the third derivative of 11*j**4/12 - 21*j**3/2 - 20*j**2. Let y be i(4). Calculate the highest common divisor of 125 and y.
25
Let d be 480/108 - 4/9. Suppose 3*t = -d*z + 17, -z - 5 = 4*z. What is the highest common factor of 35 and t?
7
Suppose -6*n - 559*n = -15820. Let p = 13 + -9. Calculate the highest common divisor of p and n.
4
Let l(v) = v**2 + 41*v - 453. Let s be l(-51). Calculate the greatest common factor of 7125 and s.
57
Suppose 0 = -39*n + 42*n - 6. Let g be n/(-10)*2 + 2583/45. Let v(c) = 2*c + 14. Let y be v(12). What is the greatest common factor of g and y?
19
Suppose 2*f = -8, -q + 3*f = 2*f - 8. Let r be -1 + 69 + q/12*6. Suppose -j - 5*w = -26, 7*j - 5*w = 2*j + r. Calculate the highest common factor of 64 and j.
16
Suppose k - 12 = -18, 2*k = 4*s - 2336. What is the greatest common factor of 49 and s?
7
Let r(k) = 2*k**2 - 32*k + 190. Let g be r(21). What is the highest common factor of g and 1900?
100
Suppose 8186*b - 8165*b - 462 = 0. What is the highest common factor of 122 and b?
2
Let x be (-100)/350 + (-136)/14. Let t be (0/(-3))/x - -53. Calculate the greatest common factor of 1 and t.
1
Let g be ((-188)/(-9) + (-6)/(-54))*1. Suppose 1456 = -8*s + g*s. What is the greatest common divisor of 56 and s?
56
Suppose -36*g + 88800 = 124*g. Calculate the highest common divisor of 75 and g.
15
Suppose 4*g - 2*d - 51178 = 0, -g - 15*d + 12772 = -20*d. Calculate the highest common factor of g and 573.
191
Suppose 5*n - 151 = 228*k - 231*k, 4*n - 97 = k. Calculate the highest common factor of n and 5629.
13
Suppose 33*n - 30*n = 9. Suppose n*c + 18 = -0*c. Let z(w) = 3*w**3 + 19*w**2 + 6*w + 8. Let i be z(c). Calculate the highest common divisor of i and 8.
8
Let w = 16134 - 10534. Suppose w = 10*x - 3*x. Suppose -i = -6*i + x. Calculate the highest common factor of 20 and i.
20
Suppose 0 = 283*q - 464996 - 430416. What is the highest common divisor of 28 and q?
28
Let q be (-7 - 4/(-4) - 72/(-9)) + 55. Suppose 670 = 5*v + 5*x, 2*x + 395 = 3*v - 2*x. Calculate the greatest common divisor of q and v.
19
Suppose -439*j - 22636 = -442*j - 4*y, -37708 = -5*j - 4*y. What is the highest common divisor of j and 48?
48
Suppose -13*p = -7*p - 72. Let u be (2 - 27/p) + (-741)/(-52). Calculate the highest common factor of u and 84.
14
Suppose 0*u = 4*p - 5*u - 14, -3*u = 5*p - 36. Suppose 0 = 2*d - p*d + 320. Suppose -237*o - 106*o = -1715. Calculate the greatest common divisor of o and d.
5
Suppose 11*n = -4*n + 105. Suppose -n*c + 1980 = 244. What is the highest common factor of 155 and c?
31
Suppose v - 13 = 2*h, -5*h + h = 3*v + 1. Let o be (-8 + 9)*v/(5/22). Suppose 26*y - 8 = o*y. What is the greatest common factor of y and 8?
2
Let a(s) = -879*s - 5928. Let q be a(-8). Calculate the highest common divisor of q and 54.
6
Let a = -11059 - -11103. What is the highest common divisor of 13684 and a?
44
Let r(n) = 182*n + 1587. Let k be r(-8). What is the greatest common factor of 2227 and k?
131
Let b = -10068 - -11252. What is the highest common divisor of 160 and b?
32
Let t be 2 - ((0 - 12) + 1). Let l(u) = -32*u**2 - 10*u - 3. Let s be l(-3). Let w = s - -378. What is the highest common divisor of w and t?
13
Let k = 2 - -3. Let p(n) = -143*n - 2715. Let y be p(-20). Calculate the highest common factor of k and y.
5
Let a be (23 + 2)*(1 + -2). Let g = a - -77. Suppose 0 = -o + g - 11. What is the greatest common divisor of 451 and o?
41
Suppose -14536 = -r + 3*l, 126*r - 130*r + 58240 = 4*l. Calculate the greatest common factor of 19 and r.
19
Let r be 26/(-195) - 300123/(-135). Calculate the greatest common divisor of r and 19.
19
Suppose -33*t = -142*t + 38368. Calculate the greatest common divisor of 616 and t.
88
Suppose 5*y - 36155 = 2*m + 5223, -5*y = m - 41366. What is the greatest common divisor of 42 and y?
42
Let p(l) = 245*l + 369. Let w be p(26). Calculate the greatest common divisor of 23 and w.
23
Suppose -79*s + 12976 = -30*s + 3029. Calculate the highest common divisor of 116 and s.
29
Let i be (-17)/(136/96)*-15. Calculate the greatest common factor of i and 25.
5
Let b(s) = -3*s**2 + 324*s + 743. Let l be b(103). What is the greatest common factor of l and 352?
176
Let l(s) = -15*s + 161. Let n be l(16). Suppose -4*f = f + 405. Let z = n - f. What is the greatest common factor of z and 16?
2
Suppose 686 = 4*y + 2*l, 5*y + 2*l = 2*y + 516. Suppose -3*o - 4*x + 90 = 0, -7*o + 99 = -4*o + x. What is the greatest common factor of o and y?
34
Suppose -60*a + 55*a = -s - 7950, -6360 = -4*a + s. Calculate the highest common divisor of a and 30.
30
Suppose 11 = 5*u - 24. Let c = 1328 - 1293. Calculate the greatest common factor of c and u.
7
Let u = 42 + 162. Let q(w) = -2*w - 63. Let y be q(-6). Let l = u + y. What is the highest common divisor of 17 and l?
17
Let x = -19992 + 19997. Let p be -21*(-2)/(12/14). Suppose 0 = b - p + 4. What is the greatest common divisor of x and b?
5
Let s be (364/8)/((-2)/4). Let x = s - -52. Let n be 9 - 11 - (x - 0). What is the highest common divisor of 407 and n?
37
Let m(a) = 111*a**2 + 99*a - 2. Let l be m(1). Calculate the greatest common divisor of l and 3712.
16
Suppose 0 = -3*f - 12 + 3, 5*l = -5*f - 10. Let c(k) = -113*k - l - 1 - 19*k. Let h be c(-1). What is the greatest common factor of 65 and h?
65
Let a = 48 - 45. Suppose 0 = q + 3*d + 2, -q + 18 = 2*q - a*d. Let g be q*-1 - (4 - 24). What is the highest common factor of g and 32?
16
Suppose 0*c = -2*c + 1300. Suppose -y = -3*k + 30, -k - 2*y + 12 = 2. What is the highest common divisor of k and c?
10
Suppose -173*v + 143*v + 25992 = 198*v. Let l = 44 + -25. What is the greatest common divisor of v and l?
19
Let a(r) = -r**3 + 4*r**2 - r - 1. Let h be a(3). Suppose 10*q = 5*q - 420. Let w = q - -124. What is the greatest common divisor of w and h?
5
Suppose -2*i + 7696 = -7006 + 6158. Calculate the greatest common factor of i and 48.
48
Suppose l - 44 = -3*l. Let m(h) = -48 - 32 - l*h - 13. Let s be m(-10). Calculate the highest common divisor of s and 17.
17
Let x = 9 - 1. Let y = 112 + -94. Let m be ((-140)/15)/(-7)*y. Calculate the highest common divisor of m and x.
8
Suppose -3*i + 35*s + 205 = 39*s, 4*i - 285 = -3*s. What is the greatest common divisor of 4605 and i?
15
Let g be -6 + 360 + (-15)/(-3). Suppose -2*i - 16*h + g = -13*h, -20 = 4*h. Calculate the greatest common divisor of 17 and i.
17
Suppose -5*t - 15 = 0, 0*t + t + 23 = b. Suppose b = 32*a - 34*a. Let l be 135/a*-4 - 4. Calculate the greatest common factor of 2 and l.
2
Suppose 47*c = -69*c - 95*c + 26586. Calculate the highest common factor of 7875 and c.
63
Let v be ((-15504)/306)/((-5)/60). Calculate the highest common factor of 1007 and v.
19
Let a(s) = -28*s**2 - s + 1. Let f be a(2). Let o = f - -189. Suppose 4*j = m - o + 241, 0 = j - 2*m - 50. What is the highest common divisor of 40 and j?
40
Suppose -4*p - 337 = -3*b + 59, 0 = 5*p - b + 506. Let m be p/((9/(-2))/3). Calculate the greatest common factor of 34 and m.
34
Let j be (-6)/(-9) - (-62814)/171. Calculate the highest common factor of 322 and j.
46
Suppose 0 = -3*g + 5*d + 100, -44 = -g - 43*d + 42*d. What is the greatest common divisor of g and 4010?
10
Let j = -298 + 663. Let s = 390 - j. What is the highest common divisor of 275 and s?
25
Let n be 523/4 + 0 - (135/(-108) - -2). What is the highest common divisor of 410 and n?
10
Suppose -8*i - 32*i - 200 = 0. Let p be 918 - (20/i - -2). What is the greatest common factor of 40 and p?
40
Suppose -15348 = -5*q + 4*m, -2*q + 9171 = q + 3*m. What is the highest common divisor of q and 16?
8
Suppose 61 = 2*b - m, -295*m + 290*m = 2*b - 31. Suppose 5*k - 326 = 94. What is the highest common divisor of k and b?
28
Let v(f) = -8*f + 115. Let z(k) = -15*k + 231. Let c(s) = -9*v(s) + 4*z(s). Let o be c(12). Calculate the highest common factor of o and 33.
33
Let c = -1183 + 1199. Suppose 5*y = 2*t + t + 1289, 2*t = 2*y - 518. What is the greatest common divisor of c and y?
16
Let d be ((-612)/(-1071))/((-1)/(-49)).